{"id":72,"date":"2019-11-28T10:37:20","date_gmt":"2019-11-28T09:37:20","guid":{"rendered":"http:\/\/lfl-sachsen-anhalt.de\/lfllsa2\/?page_id=72"},"modified":"2020-10-21T18:01:21","modified_gmt":"2020-10-21T16:01:21","slug":"home","status":"publish","type":"page","link":"http:\/\/lfl-sachsen-anhalt.de\/lfllsa2\/willkommen\/home\/","title":{"rendered":"Der Verband"},"content":{"rendered":"\n<p><strong>Entstehung und Ziele<\/strong><\/p>\n\n\n<p><img loading=\"lazy\" decoding=\"async\" class=\" wp-image-115 alignright\" src=\"http:\/\/lfl-sachsen-anhalt.de\/lfllsa2\/wp-content\/uploads\/2019\/11\/LfL_Logo-300x294.jpg\" alt=\"\" height=\"161\" width=\"175\"><\/p>\n\n\n<p>Landschaftspflegeverb\u00e4nde wurden in 1990er Jahren in Sachsen-Anhalt in vielen Regionen meist auf Landkreisebene gegr\u00fcndet. Sie sind gemeinn\u00fctzige Vereine, die ein gemeinsamer Gedanke verbindet: Eine Zusammenarbeit verschiedener Landnutzer wie Land- und Forstwirten, Kommunen und Natursch\u00fctzern auf Augenh\u00f6he und gleichberechtigt zum Wohle von Mensch und Natur zu erm\u00f6glichen.  <\/p>\n\n\n\n<p>Im Jahr 2002 gr\u00fcndeten die Landschaftspflegeverb\u00e4nde Sachsen-Anhalts einen gemeinsamen Dachverband. Aktuell 8 Landschaftspflegeverb\u00e4nde und \u2013vereine aus allen Regionen unseres Bundeslandes pflegen hier einen intensiven Erfahrungs- und Gedankenaustausch \u00fcber Themen der praktischen Landschaftspflege und des Naturschutzes, die erfolgreiche Umsetzung von F\u00f6rderprojekten oder der Umweltbildung. <\/p>\n\n\n\n<p>Ein ehrenamtlicher Vorstand leitet den gemeinn\u00fctzigen Verein, der zu den anerkannten Naturschutzvereinigungen in Sachsen-Anhalt geh\u00f6rt. Derzeit befindet sich die Gesch\u00e4ftsstelle beim Landschaftspflegeverband Harz e.V. in Hasselfelde.<\/p>\n\n\n<p><strong data-rich-text-format-boundary=\"true\">Vorsitzende<\/strong>: Kerstin Rieche (Koordinatorin im LPV Harz)<br data-rich-text-line-break=\"true\" \/><strong>Stellvertreterin<\/strong>: Birgit Krummhaar (Koordinatorin im F\u00f6rder- und Landschaftspflegeverein BR Mittlere Elbe)<br data-rich-text-line-break=\"true\" \/><strong>Stellvertreterin<\/strong>: Marie-Luise Titus (Koordinator im LPV Merseburg-Querfurt)<\/p>\n\n\n<p>Die Landschaften mit ihren Eigenheiten pr\u00e4gen die Regionen und damit auch die Arbeit des jeweiligen Landschaftspflegeverbandes. Mehr Informationen zu den Einzelverb\u00e4nden gibt es unter der <a href=\"http:\/\/lfl-sachsen-anhalt.de\/lfllsa2\/die-mitgliedsverbaende\/\">Rubrik <em>Mitglieder<\/em><\/a><em>.<\/em><\/p>\n\n\n\n<p><\/p>\n","protected":false},"excerpt":{"rendered":"<p>Entstehung und Ziele Landschaftspflegeverb\u00e4nde wurden in 1990er Jahren in Sachsen-Anhalt in vielen Regionen meist auf Landkreisebene gegr\u00fcndet. Sie sind gemeinn\u00fctzige Vereine, die ein gemeinsamer Gedanke verbindet: Eine Zusammenarbeit verschiedener Landnutzer wie Land- und Forstwirten, Kommunen und Natursch\u00fctzern auf Augenh\u00f6he und gleichberechtigt zum Wohle von Mensch und Natur zu erm\u00f6glichen. Im <a class=\"more-link\" href=\"http:\/\/lfl-sachsen-anhalt.de\/lfllsa2\/willkommen\/home\/\">[ . . . ]<\/a><\/p>\n","protected":false},"author":1,"featured_media":0,"parent":302,"menu_order":0,"comment_status":"closed","ping_status":"closed","template":"","meta":{"footnotes":""},"class_list":["post-72","page","type-page","status-publish","hentry"],"_links":{"self":[{"href":"http:\/\/lfl-sachsen-anhalt.de\/lfllsa2\/wp-json\/wp\/v2\/pages\/72","targetHints":{"allow":["GET"]}}],"collection":[{"href":"http:\/\/lfl-sachsen-anhalt.de\/lfllsa2\/wp-json\/wp\/v2\/pages"}],"about":[{"href":"http:\/\/lfl-sachsen-anhalt.de\/lfllsa2\/wp-json\/wp\/v2\/types\/page"}],"author":[{"embeddable":true,"href":"http:\/\/lfl-sachsen-anhalt.de\/lfllsa2\/wp-json\/wp\/v2\/users\/1"}],"replies":[{"embeddable":true,"href":"http:\/\/lfl-sachsen-anhalt.de\/lfllsa2\/wp-json\/wp\/v2\/comments?post=72"}],"version-history":[{"count":8,"href":"http:\/\/lfl-sachsen-anhalt.de\/lfllsa2\/wp-json\/wp\/v2\/pages\/72\/revisions"}],"predecessor-version":[{"id":355,"href":"http:\/\/lfl-sachsen-anhalt.de\/lfllsa2\/wp-json\/wp\/v2\/pages\/72\/revisions\/355"}],"up":[{"embeddable":true,"href":"http:\/\/lfl-sachsen-anhalt.de\/lfllsa2\/wp-json\/wp\/v2\/pages\/302"}],"wp:attachment":[{"href":"http:\/\/lfl-sachsen-anhalt.de\/lfllsa2\/wp-json\/wp\/v2\/media?parent=72"}],"curies":[{"name":"wp","href":"https:\/\/api.w.org\/{rel}","templated":true}]}}