{"id":302,"date":"2020-01-24T18:27:58","date_gmt":"2020-01-24T17:27:58","guid":{"rendered":"http:\/\/lfl-sachsen-anhalt.de\/lfllsa2\/?page_id=302"},"modified":"2025-07-16T07:59:23","modified_gmt":"2025-07-16T05:59:23","slug":"willkommen","status":"publish","type":"page","link":"http:\/\/lfl-sachsen-anhalt.de\/lfllsa2\/","title":{"rendered":"Willkommen"},"content":{"rendered":"\n<p class=\"has-black-color has-text-color has-link-color wp-elements-45362ae699e53a1dc9e274951ec1fb3c\">Herzlich Willkommen beim Landesverband f\u00fcr Landschaftspflege Sachsen-Anhalt e. V.<\/p>\n\n\n\n<hr class=\"wp-block-separator has-alpha-channel-opacity\"\/>\n\n\n\n<p class=\"has-black-color has-text-color has-link-color wp-elements-6e35c59cd0bdab141fcdef1ecdc8025d\"><strong>Wir lieben sch\u00f6ne Landschaften!<\/strong><\/p>\n\n\n\n<p class=\"has-black-color has-text-color has-link-color wp-elements-bc331b8db1ee3dc7010fadab8e4470cb\">Seit fast 10.000 Jahren gestalten und ver\u00e4ndern Menschen das sie umgebende Land. Sie wurden sesshaft, betrieben Ackerbau und Viehzucht, Natur wurde \u201ein Kultur genommen\u201c. Unsere heutige Landschaft ist Ergebnis menschlichen Wirkens und Lebens, sie geh\u00f6rt zu unserem kulturellen Erbe wie Baudenkm\u00e4ler oder Kunstwerke.<\/p>\n\n\n\n<p class=\"has-black-color has-text-color has-link-color wp-elements-c1cb8c91580995cd8269c907980c7226\"><em>Landschaft<\/em> ist ein vielf\u00e4ltiges Gesamtpaket. Sie besteht nicht nur aus Bergen, H\u00fcgeln, Fl\u00fcssen, B\u00e4chen, Seen, Felsen, W\u00e4ldern, Wiesen und \u00c4ckern. Auch die St\u00e4dte und D\u00f6rfer, Stra\u00dfen, Bergbauhalden, Industriegebiete oder Windparks geh\u00f6ren dazu. <em>Sch\u00f6n<\/em> ist keine Frage der Definition, sondern des individuellen Empfindens gepr\u00e4gt von menschlichen Emotionen. &nbsp;<\/p>\n\n\n\n<hr class=\"wp-block-separator has-css-opacity\"\/>\n\n\n\n<figure class=\"wp-block-gallery has-nested-images columns-default is-cropped wp-block-gallery-1 is-layout-flex wp-block-gallery-is-layout-flex\">\n<figure class=\"wp-block-image size-large\"><img loading=\"lazy\" decoding=\"async\" width=\"1024\" height=\"445\" data-id=\"245\" src=\"http:\/\/lfl-sachsen-anhalt.de\/lfllsa2\/wp-content\/uploads\/2019\/12\/KopfbildLFL2a-1024x445.jpg\" alt=\"\" class=\"wp-image-245\" srcset=\"http:\/\/lfl-sachsen-anhalt.de\/lfllsa2\/wp-content\/uploads\/2019\/12\/KopfbildLFL2a-1024x445.jpg 1024w, http:\/\/lfl-sachsen-anhalt.de\/lfllsa2\/wp-content\/uploads\/2019\/12\/KopfbildLFL2a-300x130.jpg 300w, http:\/\/lfl-sachsen-anhalt.de\/lfllsa2\/wp-content\/uploads\/2019\/12\/KopfbildLFL2a-768x334.jpg 768w, http:\/\/lfl-sachsen-anhalt.de\/lfllsa2\/wp-content\/uploads\/2019\/12\/KopfbildLFL2a-1536x667.jpg 1536w, http:\/\/lfl-sachsen-anhalt.de\/lfllsa2\/wp-content\/uploads\/2019\/12\/KopfbildLFL2a-650x282.jpg 650w, http:\/\/lfl-sachsen-anhalt.de\/lfllsa2\/wp-content\/uploads\/2019\/12\/KopfbildLFL2a.jpg 2000w\" sizes=\"auto, (max-width: 1024px) 100vw, 1024px\" \/><\/figure>\n\n\n\n<figure class=\"wp-block-image size-large\"><img loading=\"lazy\" decoding=\"async\" width=\"1024\" height=\"445\" data-id=\"243\" src=\"http:\/\/lfl-sachsen-anhalt.de\/lfllsa2\/wp-content\/uploads\/2019\/12\/KopfbildLFL4a-1024x445.jpg\" alt=\"\" class=\"wp-image-243\" srcset=\"http:\/\/lfl-sachsen-anhalt.de\/lfllsa2\/wp-content\/uploads\/2019\/12\/KopfbildLFL4a-1024x445.jpg 1024w, http:\/\/lfl-sachsen-anhalt.de\/lfllsa2\/wp-content\/uploads\/2019\/12\/KopfbildLFL4a-300x130.jpg 300w, http:\/\/lfl-sachsen-anhalt.de\/lfllsa2\/wp-content\/uploads\/2019\/12\/KopfbildLFL4a-768x334.jpg 768w, http:\/\/lfl-sachsen-anhalt.de\/lfllsa2\/wp-content\/uploads\/2019\/12\/KopfbildLFL4a-1536x667.jpg 1536w, http:\/\/lfl-sachsen-anhalt.de\/lfllsa2\/wp-content\/uploads\/2019\/12\/KopfbildLFL4a-650x282.jpg 650w, http:\/\/lfl-sachsen-anhalt.de\/lfllsa2\/wp-content\/uploads\/2019\/12\/KopfbildLFL4a.jpg 2000w\" sizes=\"auto, (max-width: 1024px) 100vw, 1024px\" \/><\/figure>\n\n\n\n<figure class=\"wp-block-image size-large\"><img loading=\"lazy\" decoding=\"async\" width=\"1024\" height=\"445\" data-id=\"246\" src=\"http:\/\/lfl-sachsen-anhalt.de\/lfllsa2\/wp-content\/uploads\/2019\/12\/KopfbildLFL1a-1024x445.jpg\" alt=\"Blick auf die Elbauen\" class=\"wp-image-246\" srcset=\"http:\/\/lfl-sachsen-anhalt.de\/lfllsa2\/wp-content\/uploads\/2019\/12\/KopfbildLFL1a-1024x445.jpg 1024w, http:\/\/lfl-sachsen-anhalt.de\/lfllsa2\/wp-content\/uploads\/2019\/12\/KopfbildLFL1a-300x130.jpg 300w, http:\/\/lfl-sachsen-anhalt.de\/lfllsa2\/wp-content\/uploads\/2019\/12\/KopfbildLFL1a-768x334.jpg 768w, http:\/\/lfl-sachsen-anhalt.de\/lfllsa2\/wp-content\/uploads\/2019\/12\/KopfbildLFL1a-1536x667.jpg 1536w, http:\/\/lfl-sachsen-anhalt.de\/lfllsa2\/wp-content\/uploads\/2019\/12\/KopfbildLFL1a-650x282.jpg 650w, http:\/\/lfl-sachsen-anhalt.de\/lfllsa2\/wp-content\/uploads\/2019\/12\/KopfbildLFL1a.jpg 2000w\" sizes=\"auto, (max-width: 1024px) 100vw, 1024px\" \/><\/figure>\n\n\n\n<figure class=\"wp-block-image size-large\"><img loading=\"lazy\" decoding=\"async\" width=\"1024\" height=\"464\" data-id=\"273\" src=\"http:\/\/lfl-sachsen-anhalt.de\/lfllsa2\/wp-content\/uploads\/2020\/01\/harz_blockberg-1024x464.jpg\" alt=\"\" class=\"wp-image-273\" srcset=\"http:\/\/lfl-sachsen-anhalt.de\/lfllsa2\/wp-content\/uploads\/2020\/01\/harz_blockberg-1024x464.jpg 1024w, http:\/\/lfl-sachsen-anhalt.de\/lfllsa2\/wp-content\/uploads\/2020\/01\/harz_blockberg-300x136.jpg 300w, http:\/\/lfl-sachsen-anhalt.de\/lfllsa2\/wp-content\/uploads\/2020\/01\/harz_blockberg-768x348.jpg 768w, http:\/\/lfl-sachsen-anhalt.de\/lfllsa2\/wp-content\/uploads\/2020\/01\/harz_blockberg-650x294.jpg 650w, http:\/\/lfl-sachsen-anhalt.de\/lfllsa2\/wp-content\/uploads\/2020\/01\/harz_blockberg.jpg 1380w\" sizes=\"auto, (max-width: 1024px) 100vw, 1024px\" \/><\/figure>\n\n\n\n<figure class=\"wp-block-image size-large\"><img loading=\"lazy\" decoding=\"async\" width=\"1024\" height=\"445\" data-id=\"241\" src=\"http:\/\/lfl-sachsen-anhalt.de\/lfllsa2\/wp-content\/uploads\/2019\/12\/KopfbildLFL6a-1024x445.jpg\" alt=\"\" class=\"wp-image-241\" srcset=\"http:\/\/lfl-sachsen-anhalt.de\/lfllsa2\/wp-content\/uploads\/2019\/12\/KopfbildLFL6a-1024x445.jpg 1024w, http:\/\/lfl-sachsen-anhalt.de\/lfllsa2\/wp-content\/uploads\/2019\/12\/KopfbildLFL6a-300x130.jpg 300w, http:\/\/lfl-sachsen-anhalt.de\/lfllsa2\/wp-content\/uploads\/2019\/12\/KopfbildLFL6a-768x334.jpg 768w, http:\/\/lfl-sachsen-anhalt.de\/lfllsa2\/wp-content\/uploads\/2019\/12\/KopfbildLFL6a-1536x667.jpg 1536w, http:\/\/lfl-sachsen-anhalt.de\/lfllsa2\/wp-content\/uploads\/2019\/12\/KopfbildLFL6a-650x282.jpg 650w, http:\/\/lfl-sachsen-anhalt.de\/lfllsa2\/wp-content\/uploads\/2019\/12\/KopfbildLFL6a.jpg 2000w\" sizes=\"auto, (max-width: 1024px) 100vw, 1024px\" \/><\/figure>\n\n\n\n<figure class=\"wp-block-image size-large\"><img loading=\"lazy\" decoding=\"async\" width=\"1024\" height=\"475\" data-id=\"312\" src=\"http:\/\/lfl-sachsen-anhalt.de\/lfllsa2\/wp-content\/uploads\/2020\/01\/lpt_rinder-1024x475.jpg\" alt=\"\" class=\"wp-image-312\" srcset=\"http:\/\/lfl-sachsen-anhalt.de\/lfllsa2\/wp-content\/uploads\/2020\/01\/lpt_rinder-1024x475.jpg 1024w, http:\/\/lfl-sachsen-anhalt.de\/lfllsa2\/wp-content\/uploads\/2020\/01\/lpt_rinder-300x139.jpg 300w, http:\/\/lfl-sachsen-anhalt.de\/lfllsa2\/wp-content\/uploads\/2020\/01\/lpt_rinder-768x356.jpg 768w, http:\/\/lfl-sachsen-anhalt.de\/lfllsa2\/wp-content\/uploads\/2020\/01\/lpt_rinder-650x302.jpg 650w, http:\/\/lfl-sachsen-anhalt.de\/lfllsa2\/wp-content\/uploads\/2020\/01\/lpt_rinder.jpg 1431w\" sizes=\"auto, (max-width: 1024px) 100vw, 1024px\" \/><\/figure>\n\n\n\n<figure class=\"wp-block-image size-large\"><img loading=\"lazy\" decoding=\"async\" width=\"383\" height=\"320\" data-id=\"42\" src=\"http:\/\/lfl-sachsen-anhalt.de\/lfllsa2\/wp-content\/uploads\/2019\/11\/Rappbode.jpg\" alt=\"\" class=\"wp-image-42\" srcset=\"http:\/\/lfl-sachsen-anhalt.de\/lfllsa2\/wp-content\/uploads\/2019\/11\/Rappbode.jpg 383w, http:\/\/lfl-sachsen-anhalt.de\/lfllsa2\/wp-content\/uploads\/2019\/11\/Rappbode-300x251.jpg 300w\" sizes=\"auto, (max-width: 383px) 100vw, 383px\" \/><\/figure>\n\n\n\n<figure class=\"wp-block-image size-large\"><img loading=\"lazy\" decoding=\"async\" width=\"383\" height=\"279\" data-id=\"37\" src=\"http:\/\/lfl-sachsen-anhalt.de\/lfllsa2\/wp-content\/uploads\/2019\/11\/Obstallee.jpg\" alt=\"\" class=\"wp-image-37\" srcset=\"http:\/\/lfl-sachsen-anhalt.de\/lfllsa2\/wp-content\/uploads\/2019\/11\/Obstallee.jpg 383w, http:\/\/lfl-sachsen-anhalt.de\/lfllsa2\/wp-content\/uploads\/2019\/11\/Obstallee-300x219.jpg 300w\" sizes=\"auto, (max-width: 383px) 100vw, 383px\" \/><\/figure>\n\n\n\n<figure class=\"wp-block-image size-large\"><img loading=\"lazy\" decoding=\"async\" width=\"1024\" height=\"476\" data-id=\"299\" src=\"http:\/\/lfl-sachsen-anhalt.de\/lfllsa2\/wp-content\/uploads\/2020\/01\/lsa_tilleda-1024x476.jpg\" alt=\"\" class=\"wp-image-299\" srcset=\"http:\/\/lfl-sachsen-anhalt.de\/lfllsa2\/wp-content\/uploads\/2020\/01\/lsa_tilleda-1024x476.jpg 1024w, http:\/\/lfl-sachsen-anhalt.de\/lfllsa2\/wp-content\/uploads\/2020\/01\/lsa_tilleda-300x140.jpg 300w, http:\/\/lfl-sachsen-anhalt.de\/lfllsa2\/wp-content\/uploads\/2020\/01\/lsa_tilleda-768x357.jpg 768w, http:\/\/lfl-sachsen-anhalt.de\/lfllsa2\/wp-content\/uploads\/2020\/01\/lsa_tilleda-1536x714.jpg 1536w, http:\/\/lfl-sachsen-anhalt.de\/lfllsa2\/wp-content\/uploads\/2020\/01\/lsa_tilleda-650x302.jpg 650w, http:\/\/lfl-sachsen-anhalt.de\/lfllsa2\/wp-content\/uploads\/2020\/01\/lsa_tilleda.jpg 1800w\" sizes=\"auto, (max-width: 1024px) 100vw, 1024px\" \/><\/figure>\n<\/figure>\n\n\n\n<p class=\"has-black-color has-text-color has-link-color wp-elements-98ced3302d06bba618d613695a962e7a\">Landschaften sind nicht einfach da. Die Abwechslung zwischen Wald und offenen Strukturen empfinden wir heute als sch\u00f6n. Die Biotope des Offenlandes wie Wiesen, Magerrasen oder Felder entstanden zun\u00e4chst durch Beweidung und Rodung des urspr\u00fcnglich in Mitteleuropa vorhandenen Waldes f\u00fcr die Anlage der \u00c4cker und Wiesen. Sie bilden die Grundlage f\u00fcr die Ern\u00e4hrung der Menschen und sind Heimat f\u00fcr eine Vielzahl von Pflanzen und Tieren. Unterbleibt ihre Nutzung oder Pflege verschwinden sie mit ihrer Artenvielfalt. Landschaften m\u00fcssen vielen Funktionen und verschiedenen Interessen gerecht werden. Das erfordert von allen Nutzern Kompromissf\u00e4higkeit. <\/p>\n\n\n\n<p class=\"has-black-color has-text-color has-link-color wp-elements-0b1d43bf2fe6cf836a209979b41de562\"><strong>Es ist unbestritten: Sachsen-Anhalt ist sch\u00f6n! Erfahren Sie mehr \u00fcber die Landschaften Sachsen-Anhalts auf unserer <a href=\"http:\/\/lfl-sachsen-anhalt.de\/lfllsa2\/sachsen-anhalt-ist-schoen\/\">Extraseite<\/a>.<\/strong> <\/p>\n\n\n\n<p class=\"has-black-color has-text-color has-link-color wp-elements-a23e4676b1a464e003f577860fd4feed\">Die Landschaftspflegeverb\u00e4nde in Sachsen-Anhalt setzen sich f\u00fcr vielf\u00e4ltige und artenreiche Landschaften ein. Sie sollen f\u00fcr die Menschen lebens- und liebenswert sein aber auch der Natur, Pflanzen und Tieren einen ausreichenden Platz bieten. Wir k\u00fcmmern uns vorrangig um die Biotope des Offenlandes. Schwerpunkte unserer Arbeit sind daher:<\/p>\n\n\n\n<ul class=\"wp-block-list\">\n<li class=\"has-black-color has-text-color has-link-color wp-elements-ef1adc80f3b08fdd8ec7a385df950d08\">F\u00f6rderung einer natur- und ressourcenschonenden Landnutzung im Interesse von Mensch und Natur<\/li>\n\n\n\n<li class=\"has-black-color has-text-color has-link-color wp-elements-61eccdbca27f7de48b66b0238afff9a5\">praktische Landschaftspflege<\/li>\n\n\n\n<li class=\"has-black-color has-text-color has-link-color wp-elements-bc92f0d7506b9f8d84908ef4d4c95b86\">Biotop- und Artenschutz<\/li>\n\n\n\n<li class=\"has-black-color has-text-color has-link-color wp-elements-5a99e702b0bb1facfb5b5ecbab476809\">Umweltbildung und \u00d6ffentlichkeitsarbeit<\/li>\n<\/ul>\n\n\n\n<div style=\"height:8px\" aria-hidden=\"true\" class=\"wp-block-spacer\"><\/div>\n\n\n\n<hr class=\"wp-block-separator has-css-opacity\"\/>\n\n\n\n<p class=\"has-background has-small-font-size\" style=\"background-color:#f0f0f0\"> <img loading=\"lazy\" decoding=\"async\" width=\"450\" height=\"156\" class=\"wp-image-352\" style=\"width: 450px;\" src=\"http:\/\/lfl-sachsen-anhalt.de\/lfllsa2\/wp-content\/uploads\/2020\/10\/SAH_MODENKEN.png\" alt=\"\" srcset=\"http:\/\/lfl-sachsen-anhalt.de\/lfllsa2\/wp-content\/uploads\/2020\/10\/SAH_MODENKEN.png 1035w, http:\/\/lfl-sachsen-anhalt.de\/lfllsa2\/wp-content\/uploads\/2020\/10\/SAH_MODENKEN-300x104.png 300w, http:\/\/lfl-sachsen-anhalt.de\/lfllsa2\/wp-content\/uploads\/2020\/10\/SAH_MODENKEN-1024x354.png 1024w, http:\/\/lfl-sachsen-anhalt.de\/lfllsa2\/wp-content\/uploads\/2020\/10\/SAH_MODENKEN-768x266.png 768w, http:\/\/lfl-sachsen-anhalt.de\/lfllsa2\/wp-content\/uploads\/2020\/10\/SAH_MODENKEN-650x225.png 650w\" sizes=\"auto, (max-width: 450px) 100vw, 450px\" \/><br>Das Land Sachsen-Anhalt f\u00f6rdert die regionalen Koordinierungsstellen f\u00fcr Landschaftspflege im Rahmen der Verb\u00e4ndef\u00f6rderung des Ministeriums f\u00fcr Umwelt, Landwirtschaft und Energie.<\/p>\n","protected":false},"excerpt":{"rendered":"<p>Herzlich Willkommen beim Landesverband f\u00fcr Landschaftspflege Sachsen-Anhalt e. V. Wir lieben sch\u00f6ne Landschaften! Seit fast 10.000 Jahren gestalten und ver\u00e4ndern Menschen das sie umgebende Land. Sie wurden sesshaft, betrieben Ackerbau und Viehzucht, Natur wurde \u201ein Kultur genommen\u201c. Unsere heutige Landschaft ist Ergebnis menschlichen Wirkens und Lebens, sie geh\u00f6rt zu unserem <a class=\"more-link\" href=\"http:\/\/lfl-sachsen-anhalt.de\/lfllsa2\/\">[ . . . ]<\/a><\/p>\n","protected":false},"author":1,"featured_media":0,"parent":0,"menu_order":0,"comment_status":"closed","ping_status":"closed","template":"","meta":{"footnotes":""},"class_list":["post-302","page","type-page","status-publish","hentry"],"_links":{"self":[{"href":"http:\/\/lfl-sachsen-anhalt.de\/lfllsa2\/wp-json\/wp\/v2\/pages\/302","targetHints":{"allow":["GET"]}}],"collection":[{"href":"http:\/\/lfl-sachsen-anhalt.de\/lfllsa2\/wp-json\/wp\/v2\/pages"}],"about":[{"href":"http:\/\/lfl-sachsen-anhalt.de\/lfllsa2\/wp-json\/wp\/v2\/types\/page"}],"author":[{"embeddable":true,"href":"http:\/\/lfl-sachsen-anhalt.de\/lfllsa2\/wp-json\/wp\/v2\/users\/1"}],"replies":[{"embeddable":true,"href":"http:\/\/lfl-sachsen-anhalt.de\/lfllsa2\/wp-json\/wp\/v2\/comments?post=302"}],"version-history":[{"count":47,"href":"http:\/\/lfl-sachsen-anhalt.de\/lfllsa2\/wp-json\/wp\/v2\/pages\/302\/revisions"}],"predecessor-version":[{"id":628,"href":"http:\/\/lfl-sachsen-anhalt.de\/lfllsa2\/wp-json\/wp\/v2\/pages\/302\/revisions\/628"}],"wp:attachment":[{"href":"http:\/\/lfl-sachsen-anhalt.de\/lfllsa2\/wp-json\/wp\/v2\/media?parent=302"}],"curies":[{"name":"wp","href":"https:\/\/api.w.org\/{rel}","templated":true}]}}